3
In base 3, what is -1221121021220101 + -21?
-1221121021220122
In base 9, what is -1 - 4202528?
-4202530
In base 6, what is -25543 + -211352?
-241335
In base 6, what is -204 + 14245153?
14244545
In base 9, what is -5128778 - -2?
-5128776
In base 6, what is -54331042440 - 1?
-54331042441
In base 12, what is -42686 - -344?
-42342
In base 2, what is -1101110000101111111 - -10011101110?
-1101101110010010001
In base 4, what is -13 + 102112122232?
102112122213
In base 11, what is 1a98 + 3a16a?
41157
In base 9, what is -262365 + 678?
-261576
In base 5, what is 20 + 124130033?
124130103
In base 5, what is 4 - 33302020321?
-33302020312
In base 14, what is -1c4 + -251426?
-25160a
In base 9, what is -3 - 201113705?
-201113708
In base 10, what is -1504 - 220742?
-222246
In base 4, what is -211 - -100220101?
100213230
In base 14, what is -1 - 1abb9281?
-1abb9282
In base 12, what is -8922 - 2743?
-b465
In base 8, what is -1446 - -202?
-1244
In base 16, what is 507336 - 2?
507334
In base 10, what is -6 - -3219293?
3219287
In base 13, what is 41c71 + -61?
41c10
In base 15, what is 2a101d - -42?
2a1060
In base 3, what is -11001011212202 + 10012?
-11001011202120
In base 15, what is -2 - 1e8310e?
-1e83111
In base 14, what is -42c8c + -11?
-42c9d
In base 12, what is 321a5 + -22b9?
2baa8
In base 3, what is -120 - 2111022220110201?
-2111022220111021
In base 5, what is 3432244004 - -413?
3432244422
In base 13, what is 12139a24 - -3?
12139a27
In base 3, what is 212100022012 - -2201?
212100101220
In base 4, what is 1 - 12120023112?
-12120023111
In base 14, what is -a3 - d281?
-d344
In base 14, what is 2470 - b0?
23a0
In base 15, what is 1 + 45c775b?
45c775c
In base 11, what is -595919 - -5a?
-59586a
In base 7, what is -461065410 - -3?
-461065404
In base 7, what is -361362 + -4444?
-366136
In base 3, what is -22222200002111120 + -1?
-22222200002111121
In base 4, what is 2110133212 - 20?
2110133132
In base 8, what is 354111 - 1001?
353110
In base 9, what is -35642 - -764?
-34767
In base 6, what is 5 - -523034421?
523034430
In base 9, what is 177 + -621875?
-621687
In base 13, what is -622659 - -2?
-622657
In base 10, what is -148 - -3533?
3385
In base 5, what is -20104130 - -1412?
-20102213
In base 15, what is -3 + 4a1927?
4a1924
In base 2, what is -1000110110101011101 + -1000100110?
-1000110111110000011
In base 2, what is 10010011001110110001110 + 1110?
10010011001110110011100
In base 11, what is -4a839908 - -2?
-4a839906
In base 5, what is -1241 - -22243041?
22241300
In base 16, what is 1fd74 + -6?
1fd6e
In base 6, what is 3301013242 - -1?
3301013243
In base 7, what is 15536432543 - 2?
15536432541
In base 3, what is -12120212112200 + -202?
-12120212120102
In base 9, what is -1186 + -621?
-1817
In base 16, what is -10232 - d46?
-10f78
In base 8, what is -6621164 + 3?
-6621161
In base 2, what is -1110111 + -1010001010001010001?
-1010001010011001000
In base 7, what is 2301635 + 13415?
2315353
In base 10, what is -6917647 - 10?
-6917657
In base 5, what is 301011 + 11103?
312114
In base 7, what is -1251 - -26616?
25335
In base 7, what is -33 - -46224303?
46224240
In base 13, what is 6926 - 365?
6591
In base 14, what is 132 - bd06?
-bbb4
In base 16, what is -395 - -2719f?
26e0a
In base 13, what is -26907 - -891b?
-1acb9
In base 4, what is -2332123 - 1133?
-2333322
In base 13, what is -1 + -2aa4679?
-2aa467a
In base 8, what is 1561 + -245165?
-243404
In base 10, what is 22646567 - -4?
22646571
In base 14, what is -59 - -1a80b?
1a792
In base 6, what is 44240530542 - -2?
44240530544
In base 6, what is 2054540021 + -5?
2054540012
In base 13, what is -2c67 + 821?
-2446
In base 9, what is -2 + -521874272?
-521874274
In base 6, what is 10 - 5102035?
-5102025
In base 4, what is 232103020203 - -1?
232103020210
In base 15, what is 3 - 74e8b?
-74e88
In base 10, what is -1121 + 11266?
10145
In base 15, what is -2b + 701ea6?
701e7a
In base 4, what is 10130121 + 13033303?
23230030
In base 8, what is 117101 + -5217?
111662
In base 5, what is -130 - -43320200?
43320020
In base 15, what is dda9 - -ac?
de66
In base 10, what is 147584 + -7115?
140469
In base 4, what is 223 - -133233333122?
133300000011
In base 13, what is 260417 - 0?
260417
In base 4, what is -11 - -200310000021?
200310000010
In base 8, what is 20352610 + -105?
20352503
In base 2, what is -1010100101000100011110000011 + -10?
-1010100101000100011110000101
In base 3, what is 2 - -100121021000101000?
100121021000101002
In base 8, what is -4 - 5064276?
-5064302
In base 14, what is 12 - -650c5?
650d7
In base 3, what is -2202012220 - 112210?
-2202202200
In base 7, what is 1250 - -60232?
61512
In base 2, what is -1011100110010111111001 - 0?
-1011100110010111111001
In base 15, what is -34c25 + -4?
-34c29
In base 5, what is -124230344 + 112?
-124230232
In base 13, what is 8059 - 75?
7cb4
In base 2, what is -11 - -100100111000110101000100?
100100111000110101000001
In base 2, what is 100110001100110 - 100110011101010?
-10000100
In base 14, what is 4 - 888149b?
-8881497
In base 4, what is -30132 + 23300?
-232
In base 12, what is -1778 + 8031?
6475
In base 9, what is -51462 + 105?
-51356
In base 6, what is -512154541 - -3?
-512154534
In base 8, what is -136 + 3006763?
3006625
In base 11, what is -a + -339a7799?
-339a77a8
In base 15, what is 13b7bbd - 8?
13b7bb5
In base 8, what is -3303 - -15033?
11530
In base 10, what is -21530 - 5?
-21535
In base 5, what is -131240224 - 2110?
-131242334
In base 11, what is -3 - -1638375?
1638372
In base 3, what is -20 - -211022200100010120?
211022200100010100
In base 3, what is -1111220102 + 22021202?
-1012121200
In base 9, what is -1 + -5623507?
-5623508
In base 14, what is 709d + -b0c?
6391
In base 15, what is -367da4 - 65?
-367e19
In base 9, what is 1031361 + 2528?
1034000
In base 9, what is -3582028 + 124?
-3581804
In base 7, what is -2310 + 125235?
122625
In base 7, what is 23 + -413206434?
-413206411
In base 3, what is -220 + -21212121212020?
-21212121220010
In base 15, what is 28e - 2b4b1?
-2b222
In base 8, what is 11452471 + -12?
11452457
In base 12, what is 6 - 150270?
-150266
In base 14, what is -1bc5dd8 + 1?
-1bc5dd7
In base 4, what is -33011 + -10123303?
-10222320
In base 8, what is 13 + 21303031?
21303044
In base 3, what is -101 + -121210112220?
-121210120021
In base 13, what is 106cb1a + -91?
106ca59
In base 5, what is -2 - -10002241113?
10002241111
In base 6, what is 1003134205020 + 3?
1003134205023
In base 16, what is 8500b7c + 2?
8500b7e
In base 3, what is -11 - -101021222010221?
101021222010210
In base 14, what is 683353 + -5b?
6832d6
In base 11, what is 1579583 + -2?
1579581
In base 10, what is 127453121 + -5?
127453116
In base 5, what is 421300444 - 110?
421300334
In base 4, what is 10 + 2201001130032?
2201001130102
In base 5, what is 200013101 - 0?
200013101
In base 5, what is 10402 + -14213?
-3311
In base 4, what is -31010020031301 + -1?
-31010020031302
In base 15, what is a52 - -e29?
197b
In base 6, what is -1 - 2151253343?
-2151253344
In base 8, what is -111702135 - 4?
-111702141
In base 14, what is -2 + 110ca56?
110ca54
In base 9, what is -436638 + -1?
-436640
In base 15, what is -5b75 + 2b3?
-58b2
In base 6, what is -1411504512 - -43?
-1411504425
In base 2, what is -101011011001 + 110010111101000101?
110010010001101100
In base 5, what is 12 + 220243302?
220243314
In base 6, what is 4 + -25141342?
-25141334
In base 8, what is 43502610 + -64?
43502524
In base 4, what is 10003010 + 11223?
10020233
In base 12, what is -3172 - -51b?
-2853
In base 4, what is 210 + 102020020?
102020230
In base 6, what is 10141543 + -550?
10140553
In base 14, what is 6 + -1488d9?
-1488d3
In base 13, what is 545411 + -5?
545409
In base 16, what is a - -1130a5?
1130af
In base 13, what is 6144 - 11b0?
4c64
In base 14, what is 1 + 1545348?
1545349
In base 10, what is 1018 - 64237?
-63219
In base 11, what is -73229 - 589?
-73807
In base 14, what is -b5 - -1567d?
155a8
In base 5, what is -243034440403 - -1?
-243034440402
In base 6, what is 40440 - -55144?
140024
In base 2, what is 10101 + -11011010000110010001?
-11011010000101111100
In base 16, what is c1d780 - -3?
c1d783
In base 10, what is -51488962 - 2?
-51488964
In base 3, what is 111021 + -1120220211?
-1120102120
In base 9, what is 1766 + -161?
160